960882?
2, 269, 1021, 1409
List the prime factors of 83625278.
2, 11, 17, 20327
What are the prime factors of 3160080755?
5, 13, 107, 454361
List the prime factors of 3311471425.
5, 701, 188957
List the prime factors of 161660128.
2, 7, 721697
What are the prime factors of 514413244?
2, 61, 2108251
List the prime factors of 913359216.
2, 3, 7, 11, 43, 821
List the prime factors of 140832245.
5, 1733, 16253
What are the prime factors of 111137820?
2, 3, 5, 53, 34949
List the prime factors of 353901417.
3, 71, 191, 8699
What are the prime factors of 2832779049?
3, 263, 613, 5857
List the prime factors of 110761921.
67, 239, 6917
List the prime factors of 59806399.
1571, 38069
What are the prime factors of 32798331?
3, 313, 3881
What are the prime factors of 26387553?
3, 17, 517403
List the prime factors of 881726548.
2, 1483, 148639
List the prime factors of 25644162.
2, 3, 4274027
What are the prime factors of 4454563608?
2, 3, 11, 67, 127, 661
List the prime factors of 634246070.
2, 5, 63424607
What are the prime factors of 242645940?
2, 3, 5, 1348033
What are the prime factors of 446099727?
3, 19, 2683, 2917
List the prime factors of 131255539.
37, 797, 4451
List the prime factors of 482497252.
2, 120624313
What are the prime factors of 60753479?
60753479
List the prime factors of 1092477135.
3, 5, 43, 1693763
What are the prime factors of 84853437?
3, 28284479
What are the prime factors of 360884648?
2, 449, 100469
List the prime factors of 2758860861.
3, 17, 1511, 35801
What are the prime factors of 1233576526?
2, 7, 13, 23, 61, 4831
List the prime factors of 441043271.
449, 487, 2017
What are the prime factors of 474396640?
2, 5, 43, 53, 1301
List the prime factors of 68994808.
2, 79, 109169
List the prime factors of 6343985432.
2, 41, 113, 171163
List the prime factors of 33676170.
2, 3, 5, 11, 19, 41, 131
List the prime factors of 11764047.
3, 373, 10513
List the prime factors of 1959332250.
2, 3, 5, 19, 359, 383
List the prime factors of 777409797.
3, 259136599
List the prime factors of 319661083.
7, 45665869
List the prime factors of 3061394211.
3, 73, 13978969
What are the prime factors of 1859571763?
7, 61, 4354969
What are the prime factors of 92159549?
557, 165457
List the prime factors of 134140423.
101, 239, 5557
List the prime factors of 20152941.
3, 29, 231643
List the prime factors of 3599453996.
2, 17, 52933147
List the prime factors of 1280001585.
3, 5, 5393, 15823
What are the prime factors of 5360467673?
11, 487315243
What are the prime factors of 4392973203?
3, 31, 3257, 14503
List the prime factors of 102048684.
2, 3, 8504057
What are the prime factors of 2859205060?
2, 5, 191, 449, 1667
List the prime factors of 106682147.
11, 13, 103, 7243
List the prime factors of 258891437.
7, 36984491
List the prime factors of 33887529.
3, 13, 289637
List the prime factors of 1186877164.
2, 11, 317, 85093
List the prime factors of 519062156.
2, 17, 7633267
What are the prime factors of 74419267?
13, 5724559
What are the prime factors of 240929136?
2, 3, 7, 239017
List the prime factors of 6124881039.
3, 2041627013
What are the prime factors of 36037889?
19, 37, 51263
What are the prime factors of 1705520254?
2, 37, 1549, 14879
List the prime factors of 1262358965.
5, 7, 853, 42283
List the prime factors of 3715360974.
2, 3, 13, 31, 56909
What are the prime factors of 1182241530?
2, 3, 5, 13136017
What are the prime factors of 269866904?
2, 31, 337, 3229
What are the prime factors of 1009288273?
7, 144184039
What are the prime factors of 362642980?
2, 5, 7, 17, 8963
What are the prime factors of 31863279?
3, 7, 216757
What are the prime factors of 598117538?
2, 1871, 159839
List the prime factors of 1614830705.
5, 79, 4088179
List the prime factors of 2439111765.
3, 5, 47, 3459733
List the prime factors of 702972601.
61, 11524141
List the prime factors of 917997296.
2, 31, 61, 30341
List the prime factors of 4990801255.
5, 11, 29, 139, 22511
What are the prime factors of 101286724?
2, 7, 11, 109, 431
List the prime factors of 259829742.
2, 3, 461, 93937
What are the prime factors of 731202622?
2, 1153, 317087
List the prime factors of 37254993.
3, 12418331
List the prime factors of 316939156.
2, 163, 486103
What are the prime factors of 940276497?
3, 953, 328883
List the prime factors of 54323211.
3, 17, 47, 131, 173
List the prime factors of 3466101637.
139, 24935983
What are the prime factors of 1492314783?
3, 497438261
What are the prime factors of 595825572?
2, 3, 1609, 30859
What are the prime factors of 172842840?
2, 3, 5, 223, 2153
List the prime factors of 389788620.
2, 3, 5, 13, 499729
List the prime factors of 6520552051.
13, 647, 775241
List the prime factors of 167840521.
71, 107, 22093
What are the prime factors of 25675354?
2, 439, 29243
What are the prime factors of 818889468?
2, 3, 68240789
List the prime factors of 64293517.
199, 323083
What are the prime factors of 11912085?
3, 5, 97, 2729
What are the prime factors of 27365359?
7, 17, 229961
What are the prime factors of 5832910157?
29, 197, 1020989
What are the prime factors of 1773628321?
19, 239, 390581
What are the prime factors of 409765854?
2, 3, 83, 822823
What are the prime factors of 137490325?
5, 7, 112237
What are the prime factors of 291715519?
73, 1439, 2777
What are the prime factors of 20392815?
3, 5, 1359521
List the prime factors of 46170426.
2, 3, 131, 58741
What are the prime factors of 799319382?
2, 3, 83, 97, 16547
What are the prime factors of 6620044?
2, 23, 47, 1531
What are the prime factors of 170996990?
2, 5, 1181, 14479
What are the prime factors of 945212512?
2, 17, 1737523
What are the prime factors of 221132904?
2, 3, 9213871
What are the prime factors of 303805571?
303805571
List the prime factors of 1408128369.
3, 113, 4153771
What are the prime factors of 33149978?
2, 197, 84137
What are the prime factors of 11279265?
3, 5, 37, 20323
What are the prime factors of 301817126?
2, 13, 11608351
List the prime factors of 60853493.
37, 1644689
List the prime factors of 35122780.
2, 5, 7, 11, 22807
What are the prime factors of 1949941845?
3, 5, 241, 179801
List the prime factors of 812649266.
2, 11, 13, 17, 19, 463
What are the prime factors of 40823764?
2, 29, 351929
List the prime factors of 3124839795.
3, 5, 7, 11, 109, 24821
List the prime factors of 26531423.
26531423
List the prime factors of 4555716128.
2, 4241, 33569
List the prime factors of 99688501.
11, 179, 197, 257
List the prime factors of 607284375.
3, 5, 211, 307
List the prime factors of 318769569.
3, 35418841
What are the prime factors of 3248035841?
3248035841
List the prime factors of 25153896.
2, 3, 31, 33809
What are the prime factors of 2427336014?
2, 127, 9556441
What are the prime factors of 40610240?
2, 5, 11, 83, 139
What are the prime factors of 96438983?
37, 2606459
List the prime factors of 1933135224.
2, 3, 2909, 27689
What are the prime factors of 1764515959?
19, 271, 342691
What are the prime factors of 124730628?
2, 3, 11, 944929
List the prime factors of 356023319.
356023319
What are the prime factors of 1596071652?
2, 3, 7, 19000853
What are the prime factors of 1689110393?
19, 47, 1891501
What are the prime factors of 1112523581?
13, 85578737
What are the prime factors of 138017758?
2, 127, 157, 3461
List the prime factors of 265926567.
3, 97, 9421
What are the prime factors of 110447838?
2, 3, 47, 130553
What are the prime factors of 1371065733?
3, 152340637
What are the prime factors of 141896046?
2, 3, 313, 75557
List the prime factors of 113209654.
2, 4831, 11717
What are the prime factors of 8180574744?
2, 3, 340857281
What are the prime factors of 3080590517?
19, 11827, 13709
List the prime factors of 56665143.
3, 89, 23581
What are the prime factors of 76611323?
31, 59, 41887
List the prime factors of 64770768.
2, 3, 449797
What are the prime factors of 11911884?
2, 3, 23, 43159
What are the prime factors of 1766183485?
5, 11, 32112427
What are the prime factors of 8092223?
2371, 3413
What are the prime factors of 513236439?
3, 397, 47881
What are the prime factors of 1079109510?
2, 3, 5, 17, 43, 49207
List the prime factors of 63351349.
63351349
What are the prime factors of 158668285?
5, 179, 177283
What are the prime factors of 178363838